e l(-12). What is the highest common factor of 23 and t?
23
Suppose 4*t + 2*p - p - 689 = 0, t - 166 = p. Let q(f) = 96 - 105 - 4*f - 3*f. Let u be q(-4). What is the highest common divisor of t and u?
19
Suppose 286 + 71 = 3*b. Let v = 179 - b. Suppose 0*j = -4*j + v. What is the highest common divisor of 15 and j?
15
Let d(b) = -b + 11. Let k be d(6). Calculate the greatest common divisor of 65 and k.
5
Suppose 4*v + 3*k - 174 = 0, 4*v - 2*k - 170 = -7*k. Let h = 9 + -7. Suppose -v + 5 = -h*y. What is the greatest common divisor of y and 50?
10
Let z(t) be the second derivative of -t**3/3 - 4*t. Let j be z(-1). Suppose -13 = -j*u + u. Calculate the greatest common factor of u and 143.
13
Suppose 18 + 42 = 10*g. Calculate the highest common factor of 256 and g.
2
Suppose 336 = -17*x + 31*x. What is the highest common divisor of 1464 and x?
24
Suppose -234 = 5*y - 674. Let o(w) = 2*w**3 - w**2 - 6*w + 11. Let h be o(2). Calculate the greatest common factor of y and h.
11
Let x be 56*(0 - (-2)/4). Suppose 6*m = -2*l + 2*m + x, -l + 2*m = -10. Suppose 0 = q - 2*q + 108. What is the greatest common divisor of q and l?
12
Suppose 0 = -3*m + 84 + 42. Let c be 4*4/(-8) - m. Let s be c/(-3 - (-13)/5). Calculate the greatest common factor of 11 and s.
11
Suppose 4*i - 60 = -i. Let q be 133/3 - 4/i. Suppose 8 = 2*z - 0*z. What is the greatest common factor of z and q?
4
Let u = -303 + 646. Calculate the highest common divisor of 98 and u.
49
Let q(m) = m**3 - 7*m**2 + 5*m + 14. Let p be q(6). Let n(f) = 2*f - 14. Let g be n(p). Calculate the highest common factor of 1 and g.
1
Suppose b - 4*k - 23 = 0, -3*k = -2*b + 13 + 13. Calculate the highest common divisor of b and 224.
7
Let v be -54*(0 + 4/(-12)). Suppose -3*i - 27*i + 270 = 0. Calculate the highest common factor of i and v.
9
Let a(q) = -51*q + 3. Let z be a(-7). Suppose -5*c - 9 = -209. What is the greatest common divisor of z and c?
40
Let b = 45 - 15. Suppose 4*a - 18 = -2. Suppose -20 = -a*z + 2*z. What is the highest common factor of b and z?
10
Suppose -4560 = -29*s + 13*s. Suppose -3*d = 2*d - 75. Calculate the greatest common divisor of d and s.
15
Let w(l) = 4*l**2 - 1. Let q be w(1). Let h be q + (8 + -2)*10. Let y(f) = 8*f + 1. Let r be y(1). Calculate the highest common factor of r and h.
9
Suppose -5*n = 51 + 19. Let u(v) = v**2 + 12*v - 14. Let r be u(n). What is the highest common divisor of 126 and r?
14
Let m(a) = 21*a + 69. Let o be m(-2). What is the highest common factor of 6 and o?
3
Let b be (-114)/513 - 598/(-18). What is the highest common divisor of b and 187?
11
Let t be 132*2*(-5)/(-10). Calculate the highest common factor of 33 and t.
33
Let f = -4022 + 5760. Calculate the greatest common divisor of f and 79.
79
Let t = -48 - -52. Suppose 65 + 63 = t*c. Calculate the greatest common divisor of c and 48.
16
Let q(n) = -2*n**3 + 65*n**2 + 31*n + 85. Let i be q(33). Calculate the greatest common factor of 171 and i.
19
Let d(r) = r**2 + 2*r - 2. Let k be (5 - 0)/((-1)/(-1)). Let j be d(k). Let x(w) = 198*w - 1562. Let b be x(8). Calculate the highest common factor of j and b.
11
Suppose -9 + 2 = -q. Let t(z) = 24*z - 3. Let l be t(q). Suppose -2*k + 151 = d - 10, -3*d = -2*k + l. What is the greatest common factor of 9 and k?
9
Let r(i) = -20*i - 4. Let z be r(7). Let b = -51 - z. Calculate the highest common factor of b and 62.
31
Let c(n) = 3*n**2 - 50*n + 10. Let p be c(17). Calculate the greatest common divisor of 216 and p.
27
Suppose 19*c = 8*c + 8976. What is the highest common divisor of c and 17?
17
Let g be (1 - 4)*2 - (-169 - -136). Calculate the highest common factor of g and 81.
27
Suppose -3*s = -8*n + 13*n - 3901, 4*n - 5*s - 3143 = 0. Calculate the highest common divisor of n and 46.
46
Let u(c) = 51*c + 228. Let v be u(13). Calculate the highest common divisor of v and 81.
81
Suppose 6*l + 72 = -2*t + 2*l, 2*l = -4*t - 138. Let u be -1*-1*t/2. Let n = 26 + u. Calculate the greatest common factor of n and 6.
3
Let m be 6/((-1384)/280 + 5). Calculate the highest common factor of 120 and m.
15
Suppose -7*o - 18 - 16 = -5*a, 0 = -a - 3*o + 20. What is the greatest common factor of 737 and a?
11
Suppose 11*v = 9*v. Suppose -2*t + 3*t - 42 = -w, v = 3*w - 3*t - 138. Calculate the highest common factor of w and 11.
11
Suppose 2*r + 0*u = 4*u + 84, -16 = -4*u. Suppose -5*z = -2*z - 15. Suppose 0 = -4*y - w + r, -z*w + 0 = y - 3. What is the highest common factor of y and 91?
13
Suppose p - 3*r + 4*r = 21, 2*p + 4*r = 46. Let z be (9 - (-506)/(-33))*-12. Calculate the greatest common factor of z and p.
19
Suppose -j + 77 = h - 30, 4*j + 517 = 5*h. Suppose -h = -6*g + 9. What is the highest common divisor of 133 and g?
19
Let u(v) = -v**2 + 15*v - 36. Let a be u(9). What is the highest common factor of 243 and a?
9
Suppose 19 = -2*r + 7. Let b be (-22)/r - (-16)/(-24). Suppose 0*z - 3*z = m - 49, b*m - 75 = -5*z. What is the greatest common divisor of z and 2?
2
Suppose 8*c = 15*c. Suppose c = -o + g + 16, -5*g + 4 = 3*o - 2*o. Suppose 0 = 2*j - j, -3*f - j = -42. Calculate the highest common factor of o and f.
14
Let r be 64 + -8*5/(10/1). Calculate the highest common divisor of 420 and r.
60
Suppose n + 2 - 100 = 0. What is the greatest common divisor of n and 42?
14
Let w = -6 - -20. Suppose -15 = -l + 3*p, 3*l - 11 - w = -p. Let t = 1 + 5. Calculate the greatest common factor of t and l.
3
Let n = -1451 + 2140. What is the greatest common factor of 39 and n?
13
Suppose 4*x + 16 = 0, 7 = 2*z + x - 23. Calculate the greatest common factor of 221 and z.
17
Let s be (-140)/245 - 95/(-7). What is the highest common factor of 351 and s?
13
Suppose -78 = -3*b + 450. Let t be (-27)/3*6/9. Let z be 15/t*(-128)/20. Calculate the highest common factor of b and z.
16
Suppose 4 = -3*m + 5*m. Suppose -l + 2*l = w - 5, -m = -2*w - 2*l. Calculate the greatest common factor of 3 and w.
3
Let q(k) = k**2 + 2*k - 4. Let l be q(3). Suppose -f + 7 + l = 0. Let p(v) = -4*v + 13. Let r be p(1). What is the greatest common divisor of r and f?
9
Let z be (-91)/(-7)*(-2)/(12/(-66)). Calculate the greatest common divisor of 104 and z.
13
Let y = 26 + -4. Calculate the greatest common divisor of 88 and y.
22
Let o = 9 + -5. Suppose -x + 55 = 5*v - 55, -5*x = o*v - 67. Calculate the highest common factor of 46 and v.
23
Let a(p) = 4*p - 18. Let n be (-10 + 1)/((-9)/12). Let c be a(n). Calculate the greatest common divisor of c and 20.
10
Let b = 285 + -273. What is the highest common factor of b and 68?
4
Let v = -276 - -282. What is the greatest common factor of 150 and v?
6
Let v = 146 - 247. Let c(i) = -3*i**3 - 4*i**2 - 6*i - 2. Let b be c(-4). Let y = b + v. Calculate the highest common divisor of 7 and y.
7
Suppose 2*w + l = 3*l + 16, 38 = 3*w + 4*l. What is the highest common factor of w and 90?
10
Suppose 5*i = -4*l - 220, 5*l + 3*i + 275 = i. Let b = l - -107. What is the highest common divisor of b and 130?
26
Suppose 2*f = 7*z - 4*z - 761, 4*z - 1020 = 4*f. Let h = z + -134. Calculate the highest common factor of h and 18.
9
Let q(w) = 2*w**2 - 7*w - 21. Let n be q(-3). Calculate the greatest common factor of 756 and n.
18
Let z = 18 - -4. Let v = -150 + 183. What is the greatest common factor of z and v?
11
Suppose 0 = 2*u - 12 - 20. Let f = u - 11. Let c be 2/f - 464/(-40). Calculate the greatest common divisor of c and 8.
4
Suppose 28*p + 910 = 2394. Calculate the highest common factor of 1 and p.
1
Suppose 0 = 6*p + 39 - 273. Calculate the highest common divisor of 247 and p.
13
Suppose -l - 25 = -2*w + 2*l, -5*l - 51 = -4*w. Suppose -o = o - w. Suppose o = -3*s - 8, -5*s = 3*z - 47. Calculate the highest common factor of z and 48.
24
Let d = -107 - -111. Let g be 47/4 + (6 - d)/8. What is the greatest common factor of 96 and g?
12
Let b = -44 - -46. Let n be -2*(1 + -2) + b. What is the highest common factor of n and 4?
4
Let x(a) = -a**3 + 12*a**2 + 12*a + 19. Suppose -4*i + 20 + 32 = 0. Let k be x(i). Calculate the highest common divisor of k and 66.
6
Let p(q) be the second derivative of -q**4/12 + q**3/2 + 66*q**2 - 24*q. Let i be p(0). Calculate the greatest common divisor of 33 and i.
33
Let l(k) = 15*k + 95. Let h be l(-5). What is the highest common divisor o